{"id":2647,"date":"2022-02-19T20:18:34","date_gmt":"2022-02-19T19:18:34","guid":{"rendered":"https:\/\/pluginthemewordpress.eu\/?post_type=product&#038;p=2647"},"modified":"2022-02-19T20:42:39","modified_gmt":"2022-02-19T19:42:39","slug":"le-mensuel","status":"publish","type":"product","link":"https:\/\/pluginthemewordpress.eu\/index.php\/produit\/le-mensuel\/","title":{"rendered":"Le Mensuel"},"content":{"rendered":"<p>Abonnement mensuel au club, vous permettant de t\u00e9l\u00e9charger tous les th\u00e8mes et plugins en illimit\u00e9.<\/p>\n<p>L&#8217;abonnement sera automatiquement reconduit \u00e0 la fin de la p\u00e9riode.<\/p>\n<p>L&#8217;abonnement peut \u00eatre r\u00e9sili\u00e9 \u00e0 tout moment.<\/p>\n","protected":false},"excerpt":{"rendered":"<p>Abonnement mensuel au club, vous permettant de t\u00e9l\u00e9charger tous les th\u00e8mes et plugins en illimit\u00e9. L&#8217;abonnement sera automatiquement reconduit \u00e0 la fin de la p\u00e9riode. L&#8217;abonnement peut \u00eatre r\u00e9sili\u00e9 \u00e0 tout moment.<\/p>\n","protected":false},"featured_media":0,"template":"","meta":{"spay_email":""},"product_cat":[15],"product_tag":[],"class_list":["post-2647","product","type-product","status-publish","hentry","product_cat-non-classe"],"jetpack-related-posts":[{"id":2180,"url":"https:\/\/pluginthemewordpress.eu\/index.php\/produit\/elementor-pro-paiement-a-vie\/","url_meta":{"origin":2647,"position":0},"title":"Elementor PRO &#8211; paiement unique \u00e0 vie","date":"12 February 2020","format":false,"excerpt":"G\u00e9n\u00e9rateur de page WordPress Elementor PRO Plus rapide que les autres Pas de tra\u00een\u00e9e, de chute et d'attente suppl\u00e9mentaire. Elementor vous permet de repr\u00e9senter graphiquement sur le frontend avec des r\u00e9sultats instantan\u00e9s et r\u00e9els Facile \u00e0 utiliser Chaque pouvoir a \u00e9t\u00e9 m\u00e9ticuleusement \u00e9lu conform\u00e9ment \u00e0 l'octroi du bon trajet de\u2026","rel":"","context":"Similar post","img":{"alt_text":"","src":"https:\/\/i0.wp.com\/pluginthemewordpress.eu\/wp-content\/uploads\/2020\/02\/Elementor-PRO-WordPress-Page-Builder.jpg?fit=500%2C500&ssl=1&resize=350%2C200","width":350,"height":200},"classes":[]}],"_links":{"self":[{"href":"https:\/\/pluginthemewordpress.eu\/index.php\/wp-json\/wp\/v2\/product\/2647","targetHints":{"allow":["GET"]}}],"collection":[{"href":"https:\/\/pluginthemewordpress.eu\/index.php\/wp-json\/wp\/v2\/product"}],"about":[{"href":"https:\/\/pluginthemewordpress.eu\/index.php\/wp-json\/wp\/v2\/types\/product"}],"wp:attachment":[{"href":"https:\/\/pluginthemewordpress.eu\/index.php\/wp-json\/wp\/v2\/media?parent=2647"}],"wp:term":[{"taxonomy":"product_cat","embeddable":true,"href":"https:\/\/pluginthemewordpress.eu\/index.php\/wp-json\/wp\/v2\/product_cat?post=2647"},{"taxonomy":"product_tag","embeddable":true,"href":"https:\/\/pluginthemewordpress.eu\/index.php\/wp-json\/wp\/v2\/product_tag?post=2647"}],"curies":[{"name":"wp","href":"https:\/\/api.w.org\/{rel}","templated":true}]}}